{"id":10,"date":"2011-01-11T17:10:36","date_gmt":"2011-01-11T17:10:36","guid":{"rendered":"http:\/\/www.dr-thomas-hartung.de\/?page_id=10"},"modified":"2014-03-19T23:17:01","modified_gmt":"2014-03-19T22:17:01","slug":"lehre","status":"publish","type":"page","link":"https:\/\/www.dr-thomas-hartung.de\/?page_id=10","title":{"rendered":"Lehre"},"content":{"rendered":"<h3>Schwerpunkte:<\/h3>\n<ul>\n<li>Medienlinguistik \/ Medienkommunikation<\/li>\n<li>Visuelle und Bewegtbild\u00e4sthetik<\/li>\n<li>Allgemeine und TV-Publizistik<\/li>\n<li>Praktische Medienproduktion unter crossmedialen und didaktischen Aspekten<\/li>\n<li>Kommunikationsmanagement unter organisationalen, \u00e4sthetischen und \u00f6konomischen Perspektiven<\/li>\n<\/ul>\n<h4>Eine nach Semestern aufgeschl\u00fcsselte \u00dcbersicht sowie eine Liste der Diplomarbeiten, die bisher unter meiner Betreuung entstanden, ist weiter unten zu finden.<\/h4>\n<h3>Daneben berate und schule ich unter dem Motto &#8222;Hilfe zur Selbsthilfe&#8220; vor allem Selbst\u00e4ndige, Vereine und KMU zu den Themen<\/h3>\n<ul>\n<li>\u00d6ffentlichkeitsarbeit \/ PR (Angebote unter <a href=\"http:\/\/http:\/\/www.tat-media.de\/cms\/website.php\" target=\"_blank\">www.tatmedia.de<\/a>)<\/li>\n<li>Mediaplanung \/ Integrierte Kommunikation<\/li>\n<li>Corporate Language \/ Corporate Branding (den Flyer dazu gibts <a href=\"https:\/\/www.dr-thomas-hartung.de\/wp-content\/uploads\/2011\/01\/CorpLang.jpg\" target=\"_blank\">hier<\/a>)<\/li>\n<\/ul>\n","protected":false},"excerpt":{"rendered":"<p>Schwerpunkte: Medienlinguistik \/ Medienkommunikation Visuelle und Bewegtbild\u00e4sthetik Allgemeine und TV-Publizistik Praktische Medienproduktion unter crossmedialen und didaktischen Aspekten Kommunikationsmanagement unter organisationalen, \u00e4sthetischen und \u00f6konomischen Perspektiven Eine nach Semestern aufgeschl\u00fcsselte \u00dcbersicht sowie eine Liste der Diplomarbeiten, die bisher unter meiner Betreuung entstanden, ist weiter unten zu finden. Daneben berate und schule ich unter dem Motto &#8222;Hilfe zur [&hellip;]<\/p>\n","protected":false},"author":1,"featured_media":0,"parent":0,"menu_order":10,"comment_status":"closed","ping_status":"closed","template":"","meta":[],"_links":{"self":[{"href":"https:\/\/www.dr-thomas-hartung.de\/index.php?rest_route=\/wp\/v2\/pages\/10"}],"collection":[{"href":"https:\/\/www.dr-thomas-hartung.de\/index.php?rest_route=\/wp\/v2\/pages"}],"about":[{"href":"https:\/\/www.dr-thomas-hartung.de\/index.php?rest_route=\/wp\/v2\/types\/page"}],"author":[{"embeddable":true,"href":"https:\/\/www.dr-thomas-hartung.de\/index.php?rest_route=\/wp\/v2\/users\/1"}],"replies":[{"embeddable":true,"href":"https:\/\/www.dr-thomas-hartung.de\/index.php?rest_route=%2Fwp%2Fv2%2Fcomments&post=10"}],"version-history":[{"count":22,"href":"https:\/\/www.dr-thomas-hartung.de\/index.php?rest_route=\/wp\/v2\/pages\/10\/revisions"}],"predecessor-version":[{"id":22,"href":"https:\/\/www.dr-thomas-hartung.de\/index.php?rest_route=\/wp\/v2\/pages\/10\/revisions\/22"}],"wp:attachment":[{"href":"https:\/\/www.dr-thomas-hartung.de\/index.php?rest_route=%2Fwp%2Fv2%2Fmedia&parent=10"}],"curies":[{"name":"wp","href":"https:\/\/api.w.org\/{rel}","templated":true}]}}

<h3>Schwerpunkte:</h3>
<ul>
<li>Medienlinguistik / Medienkommunikation</li>
<li>Visuelle und Bewegtbildästhetik</li>
<li>Allgemeine und TV-Publizistik</li>
<li>Praktische Medienproduktion unter crossmedialen und didaktischen Aspekten</li>
<li>Kommunikationsmanagement unter organisationalen, ästhetischen und ökonomischen Perspektiven</li>
</ul>
<h4>Eine nach Semestern aufgeschlüsselte Übersicht sowie eine Liste der Diplomarbeiten, die bisher unter meiner Betreuung entstanden, ist weiter unten zu finden.</h4>
<h3>Daneben berate und schule ich unter dem Motto &#8222;Hilfe zur Selbsthilfe&#8220; vor allem Selbständige, Vereine und KMU zu den Themen</h3>
<ul>
<li>Öffentlichkeitsarbeit / PR (Angebote unter <a href="http://http://www.tat-media.de/cms/website.php" target="_blank">www.tatmedia.de</a>)</li>
<li>Mediaplanung / Integrierte Kommunikation</li>
<li>Corporate Language / Corporate Branding (den Flyer dazu gibts <a href="https://www.dr-thomas-hartung.de/wp-content/uploads/2011/01/CorpLang.jpg" target="_blank">hier</a>)</li>
</ul>

<p>Schwerpunkte: Medienlinguistik / Medienkommunikation Visuelle und Bewegtbildästhetik Allgemeine und TV-Publizistik Praktische Medienproduktion unter crossmedialen und didaktischen Aspekten Kommunikationsmanagement unter organisationalen, ästhetischen und ökonomischen Perspektiven Eine nach Semestern aufgeschlüsselte Übersicht sowie eine Liste der Diplomarbeiten, die bisher unter meiner Betreuung entstanden, ist weiter unten zu finden. Daneben berate und schule ich unter dem Motto &#8222;Hilfe zur [&hellip;]</p>
