{"id":143,"date":"2011-03-11T15:57:08","date_gmt":"2011-03-11T14:57:08","guid":{"rendered":"http:\/\/www.dr-thomas-hartung.de\/?page_id=143"},"modified":"2012-03-22T13:04:41","modified_gmt":"2012-03-22T12:04:41","slug":"2-fernsehzeit","status":"publish","type":"page","link":"https:\/\/www.dr-thomas-hartung.de\/?page_id=143","title":{"rendered":"5. Fernsehzeit"},"content":{"rendered":"<h2>Als CvD bei Dresden Fernsehen<\/h2>\n<div id=\"attachment_573\" style=\"width: 330px\" class=\"wp-caption aligncenter\"><a href=\"https:\/\/www.dr-thomas-hartung.de\/wp-content\/uploads\/2011\/03\/start.jpg\"><img aria-describedby=\"caption-attachment-573\" decoding=\"async\" loading=\"lazy\" class=\"size-full wp-image-573\" title=\"start\" src=\"https:\/\/www.dr-thomas-hartung.de\/wp-content\/uploads\/2011\/03\/start.jpg\" alt=\"\" width=\"320\" height=\"242\" srcset=\"https:\/\/www.dr-thomas-hartung.de\/wp-content\/uploads\/2011\/03\/start.jpg 320w, https:\/\/www.dr-thomas-hartung.de\/wp-content\/uploads\/2011\/03\/start-300x226.jpg 300w\" sizes=\"(max-width: 320px) 100vw, 320px\" \/><\/a><p id=\"caption-attachment-573\" class=\"wp-caption-text\">Geschafft, aber zufrieden: nach anderthalb Stunden Live-Sendung zum offiziellen Sendestart am 10. Mai 1996, gefahren aus dem \u00dc-Wagen<\/p><\/div>\n<div id=\"attachment_145\" style=\"width: 330px\" class=\"wp-caption aligncenter\"><a href=\"https:\/\/www.dr-thomas-hartung.de\/wp-content\/uploads\/2011\/03\/DF1.jpg\"><img aria-describedby=\"caption-attachment-145\" decoding=\"async\" loading=\"lazy\" class=\"size-full wp-image-145\" title=\"DF1\" src=\"https:\/\/www.dr-thomas-hartung.de\/wp-content\/uploads\/2011\/03\/DF1.jpg\" alt=\"\" width=\"320\" height=\"240\" srcset=\"https:\/\/www.dr-thomas-hartung.de\/wp-content\/uploads\/2011\/03\/DF1.jpg 320w, https:\/\/www.dr-thomas-hartung.de\/wp-content\/uploads\/2011\/03\/DF1-300x225.jpg 300w\" sizes=\"(max-width: 320px) 100vw, 320px\" \/><\/a><p id=\"caption-attachment-145\" class=\"wp-caption-text\">Das Chaos beherrschen - und mit der Stoppuhr immer die Beitragsl\u00e4nge im Blick<\/p><\/div>\n<div id=\"attachment_570\" style=\"width: 250px\" class=\"wp-caption aligncenter\"><a href=\"https:\/\/www.dr-thomas-hartung.de\/wp-content\/uploads\/2011\/03\/IDIFI.jpg\"><img aria-describedby=\"caption-attachment-570\" decoding=\"async\" loading=\"lazy\" class=\"size-full wp-image-570\" title=\"IDIFI\" src=\"https:\/\/www.dr-thomas-hartung.de\/wp-content\/uploads\/2011\/03\/IDIFI.jpg\" alt=\"\" width=\"240\" height=\"320\" srcset=\"https:\/\/www.dr-thomas-hartung.de\/wp-content\/uploads\/2011\/03\/IDIFI.jpg 240w, https:\/\/www.dr-thomas-hartung.de\/wp-content\/uploads\/2011\/03\/IDIFI-225x300.jpg 225w\" sizes=\"(max-width: 240px) 100vw, 240px\" \/><\/a><p id=\"caption-attachment-570\" class=\"wp-caption-text\">Gruppenbild mit Kamera am &quot;Tag der Offenen T\u00fcr&quot;. In diesem (kleinen) Teil der Belegschaft verbergen sich u.a. Katrin und Marc Thomas (heute &quot;AI-Film&quot;), Andre Seifert (heute &quot;mdr&quot;), Andrej Bavtschenkov (heute &quot;KreaTiVi&quot;) und Roman Schlaak (heute &quot;ad hoc&quot;-Film).<\/p><\/div>\n<div id=\"attachment_146\" style=\"width: 330px\" class=\"wp-caption aligncenter\"><a href=\"https:\/\/www.dr-thomas-hartung.de\/wp-content\/uploads\/2011\/03\/DF-2.jpg\"><img aria-describedby=\"caption-attachment-146\" decoding=\"async\" loading=\"lazy\" class=\"size-full wp-image-146\" title=\"DF 2\" src=\"https:\/\/www.dr-thomas-hartung.de\/wp-content\/uploads\/2011\/03\/DF-2.jpg\" alt=\"\" width=\"320\" height=\"240\" srcset=\"https:\/\/www.dr-thomas-hartung.de\/wp-content\/uploads\/2011\/03\/DF-2.jpg 320w, https:\/\/www.dr-thomas-hartung.de\/wp-content\/uploads\/2011\/03\/DF-2-300x225.jpg 300w\" sizes=\"(max-width: 320px) 100vw, 320px\" \/><\/a><p id=\"caption-attachment-146\" class=\"wp-caption-text\">Ablaufbesprechung mit Moderatorin Linda S\u00fc\u00df (heute &quot;Werkblende&quot;). (Foto: S\u00e4chsische Zeitung)<\/p><\/div>\n<div id=\"attachment_574\" style=\"width: 330px\" class=\"wp-caption aligncenter\"><a href=\"https:\/\/www.dr-thomas-hartung.de\/wp-content\/uploads\/2011\/03\/Iron.jpg\"><img aria-describedby=\"caption-attachment-574\" decoding=\"async\" loading=\"lazy\" class=\"size-full wp-image-574\" title=\"Iron\" src=\"https:\/\/www.dr-thomas-hartung.de\/wp-content\/uploads\/2011\/03\/Iron.jpg\" alt=\"\" width=\"320\" height=\"238\" srcset=\"https:\/\/www.dr-thomas-hartung.de\/wp-content\/uploads\/2011\/03\/Iron.jpg 320w, https:\/\/www.dr-thomas-hartung.de\/wp-content\/uploads\/2011\/03\/Iron-300x223.jpg 300w\" sizes=\"(max-width: 320px) 100vw, 320px\" \/><\/a><p id=\"caption-attachment-574\" class=\"wp-caption-text\">Entspannter Mitternachtstalk nach Konzert und Interview: mit der US-amerikanischen Flower-Power-Legende &quot;Iron Butterfly&quot; (&quot;In-A-Gadda-Da-Vida&quot;) in Spansberg. Redakteur Thomas Unterrainer (im Vordergrund) drehte anschlie\u00dfend einen Konzertmitschnitt nebst 60-Minuten-Interviewportr\u00e4t der Band in Deutschland und den USA. Der Film hatte 1998 in Dresden Premiere - mit mir als Sprecher. Dass &quot;IB&quot;-Mastermind Doug Ingle und ich \u00e4hnliche blaue Hemden trugen, war reiner Zufall... Au\u00dferdem zu sehen: Kameramann Karsten Freist (stehend; \u2020 2011), Ron Bushy (dr), Erik Brann (g) und - im angeregten Gespr\u00e4ch mit dem Hobby-Keyboard-Kollegen - Larry Rust (v.l.). Lee Dorman (b) muss man sich am linken Rand dazudenken.<\/p><\/div>\n","protected":false},"excerpt":{"rendered":"<p>Als CvD bei Dresden Fernsehen<\/p>\n","protected":false},"author":1,"featured_media":0,"parent":18,"menu_order":50,"comment_status":"closed","ping_status":"closed","template":"","meta":[],"_links":{"self":[{"href":"https:\/\/www.dr-thomas-hartung.de\/index.php?rest_route=\/wp\/v2\/pages\/143"}],"collection":[{"href":"https:\/\/www.dr-thomas-hartung.de\/index.php?rest_route=\/wp\/v2\/pages"}],"about":[{"href":"https:\/\/www.dr-thomas-hartung.de\/index.php?rest_route=\/wp\/v2\/types\/page"}],"author":[{"embeddable":true,"href":"https:\/\/www.dr-thomas-hartung.de\/index.php?rest_route=\/wp\/v2\/users\/1"}],"replies":[{"embeddable":true,"href":"https:\/\/www.dr-thomas-hartung.de\/index.php?rest_route=%2Fwp%2Fv2%2Fcomments&post=143"}],"version-history":[{"count":22,"href":"https:\/\/www.dr-thomas-hartung.de\/index.php?rest_route=\/wp\/v2\/pages\/143\/revisions"}],"predecessor-version":[{"id":1321,"href":"https:\/\/www.dr-thomas-hartung.de\/index.php?rest_route=\/wp\/v2\/pages\/143\/revisions\/1321"}],"up":[{"embeddable":true,"href":"https:\/\/www.dr-thomas-hartung.de\/index.php?rest_route=\/wp\/v2\/pages\/18"}],"wp:attachment":[{"href":"https:\/\/www.dr-thomas-hartung.de\/index.php?rest_route=%2Fwp%2Fv2%2Fmedia&parent=143"}],"curies":[{"name":"wp","href":"https:\/\/api.w.org\/{rel}","templated":true}]}}

<h2>Als CvD bei Dresden Fernsehen</h2>
<div id="attachment_573" style="width: 330px" class="wp-caption aligncenter"><a href="https://www.dr-thomas-hartung.de/wp-content/uploads/2011/03/start.jpg"><img aria-describedby="caption-attachment-573" decoding="async" loading="lazy" class="size-full wp-image-573" title="start" src="https://www.dr-thomas-hartung.de/wp-content/uploads/2011/03/start.jpg" alt="" width="320" height="242" srcset="https://www.dr-thomas-hartung.de/wp-content/uploads/2011/03/start.jpg 320w, https://www.dr-thomas-hartung.de/wp-content/uploads/2011/03/start-300x226.jpg 300w" sizes="(max-width: 320px) 100vw, 320px" /></a><p id="caption-attachment-573" class="wp-caption-text">Geschafft, aber zufrieden: nach anderthalb Stunden Live-Sendung zum offiziellen Sendestart am 10. Mai 1996, gefahren aus dem Ü-Wagen</p></div>
<div id="attachment_145" style="width: 330px" class="wp-caption aligncenter"><a href="https://www.dr-thomas-hartung.de/wp-content/uploads/2011/03/DF1.jpg"><img aria-describedby="caption-attachment-145" decoding="async" loading="lazy" class="size-full wp-image-145" title="DF1" src="https://www.dr-thomas-hartung.de/wp-content/uploads/2011/03/DF1.jpg" alt="" width="320" height="240" srcset="https://www.dr-thomas-hartung.de/wp-content/uploads/2011/03/DF1.jpg 320w, https://www.dr-thomas-hartung.de/wp-content/uploads/2011/03/DF1-300x225.jpg 300w" sizes="(max-width: 320px) 100vw, 320px" /></a><p id="caption-attachment-145" class="wp-caption-text">Das Chaos beherrschen - und mit der Stoppuhr immer die Beitragslänge im Blick</p></div>
<div id="attachment_570" style="width: 250px" class="wp-caption aligncenter"><a href="https://www.dr-thomas-hartung.de/wp-content/uploads/2011/03/IDIFI.jpg"><img aria-describedby="caption-attachment-570" decoding="async" loading="lazy" class="size-full wp-image-570" title="IDIFI" src="https://www.dr-thomas-hartung.de/wp-content/uploads/2011/03/IDIFI.jpg" alt="" width="240" height="320" srcset="https://www.dr-thomas-hartung.de/wp-content/uploads/2011/03/IDIFI.jpg 240w, https://www.dr-thomas-hartung.de/wp-content/uploads/2011/03/IDIFI-225x300.jpg 225w" sizes="(max-width: 240px) 100vw, 240px" /></a><p id="caption-attachment-570" class="wp-caption-text">Gruppenbild mit Kamera am &quot;Tag der Offenen Tür&quot;. In diesem (kleinen) Teil der Belegschaft verbergen sich u.a. Katrin und Marc Thomas (heute &quot;AI-Film&quot;), Andre Seifert (heute &quot;mdr&quot;), Andrej Bavtschenkov (heute &quot;KreaTiVi&quot;) und Roman Schlaak (heute &quot;ad hoc&quot;-Film).</p></div>
<div id="attachment_146" style="width: 330px" class="wp-caption aligncenter"><a href="https://www.dr-thomas-hartung.de/wp-content/uploads/2011/03/DF-2.jpg"><img aria-describedby="caption-attachment-146" decoding="async" loading="lazy" class="size-full wp-image-146" title="DF 2" src="https://www.dr-thomas-hartung.de/wp-content/uploads/2011/03/DF-2.jpg" alt="" width="320" height="240" srcset="https://www.dr-thomas-hartung.de/wp-content/uploads/2011/03/DF-2.jpg 320w, https://www.dr-thomas-hartung.de/wp-content/uploads/2011/03/DF-2-300x225.jpg 300w" sizes="(max-width: 320px) 100vw, 320px" /></a><p id="caption-attachment-146" class="wp-caption-text">Ablaufbesprechung mit Moderatorin Linda Süß (heute &quot;Werkblende&quot;). (Foto: Sächsische Zeitung)</p></div>
<div id="attachment_574" style="width: 330px" class="wp-caption aligncenter"><a href="https://www.dr-thomas-hartung.de/wp-content/uploads/2011/03/Iron.jpg"><img aria-describedby="caption-attachment-574" decoding="async" loading="lazy" class="size-full wp-image-574" title="Iron" src="https://www.dr-thomas-hartung.de/wp-content/uploads/2011/03/Iron.jpg" alt="" width="320" height="238" srcset="https://www.dr-thomas-hartung.de/wp-content/uploads/2011/03/Iron.jpg 320w, https://www.dr-thomas-hartung.de/wp-content/uploads/2011/03/Iron-300x223.jpg 300w" sizes="(max-width: 320px) 100vw, 320px" /></a><p id="caption-attachment-574" class="wp-caption-text">Entspannter Mitternachtstalk nach Konzert und Interview: mit der US-amerikanischen Flower-Power-Legende &quot;Iron Butterfly&quot; (&quot;In-A-Gadda-Da-Vida&quot;) in Spansberg. Redakteur Thomas Unterrainer (im Vordergrund) drehte anschließend einen Konzertmitschnitt nebst 60-Minuten-Interviewporträt der Band in Deutschland und den USA. Der Film hatte 1998 in Dresden Premiere - mit mir als Sprecher. Dass &quot;IB&quot;-Mastermind Doug Ingle und ich ähnliche blaue Hemden trugen, war reiner Zufall... Außerdem zu sehen: Kameramann Karsten Freist (stehend; † 2011), Ron Bushy (dr), Erik Brann (g) und - im angeregten Gespräch mit dem Hobby-Keyboard-Kollegen - Larry Rust (v.l.). Lee Dorman (b) muss man sich am linken Rand dazudenken.</p></div>
