{"id":151,"date":"2011-03-11T16:19:03","date_gmt":"2011-03-11T15:19:03","guid":{"rendered":"http:\/\/www.dr-thomas-hartung.de\/?page_id=151"},"modified":"2011-03-31T21:50:37","modified_gmt":"2011-03-31T20:50:37","slug":"3-produzentenzeit","status":"publish","type":"page","link":"https:\/\/www.dr-thomas-hartung.de\/?page_id=151","title":{"rendered":"6. Produzentenzeit"},"content":{"rendered":"<h2>Magazine, Magazine&#8230;<\/h2>\n<p>Wie viele Formate ich zwischen 1996 und 2001 produzierte, verblasst in der Erinnerung&#8230; Sicher auch, weil manche kaum mehr als ein, zwei Ausgaben erlebten; darunter das erste private Literaturmagazin &#8222;Literarischer Express&#8220; oder das Leipziger Studentenmagazin &#8222;034eins&#8220;.<\/p>\n<p>Mein erfolgreichstes und &#8211; nach der &#8222;Drehscheibe Dresden&#8220; &#8211; meistproduziertes TV-Produkt aber war &#8222;035eins&#8220; &#8211; das erste ostdeutsche Universit\u00e4tsmagazin.<\/p>\n<div id=\"attachment_579\" style=\"width: 330px\" class=\"wp-caption aligncenter\"><a href=\"https:\/\/www.dr-thomas-hartung.de\/wp-content\/uploads\/2011\/03\/Preis.jpg\"><img aria-describedby=\"caption-attachment-579\" decoding=\"async\" loading=\"lazy\" class=\"size-full wp-image-579\" title=\"Preis\" src=\"https:\/\/www.dr-thomas-hartung.de\/wp-content\/uploads\/2011\/03\/Preis.jpg\" alt=\"\" width=\"320\" height=\"248\" srcset=\"https:\/\/www.dr-thomas-hartung.de\/wp-content\/uploads\/2011\/03\/Preis.jpg 320w, https:\/\/www.dr-thomas-hartung.de\/wp-content\/uploads\/2011\/03\/Preis-300x232.jpg 300w\" sizes=\"(max-width: 320px) 100vw, 320px\" \/><\/a><p id=\"caption-attachment-579\" class=\"wp-caption-text\">F\u00fcr die Pilotsendung gabs 1998 gleich einen SLM-Fernsehpreis, der nat\u00fcrlich geb\u00fchrend gefeiert wurde<\/p><\/div>\n<div id=\"attachment_152\" style=\"width: 330px\" class=\"wp-caption aligncenter\"><a href=\"https:\/\/www.dr-thomas-hartung.de\/wp-content\/uploads\/2011\/03\/0351-1.jpg\"><img aria-describedby=\"caption-attachment-152\" decoding=\"async\" loading=\"lazy\" class=\"size-full wp-image-152\" title=\"0351 - 1\" src=\"https:\/\/www.dr-thomas-hartung.de\/wp-content\/uploads\/2011\/03\/0351-1.jpg\" alt=\"\" width=\"320\" height=\"240\" srcset=\"https:\/\/www.dr-thomas-hartung.de\/wp-content\/uploads\/2011\/03\/0351-1.jpg 320w, https:\/\/www.dr-thomas-hartung.de\/wp-content\/uploads\/2011\/03\/0351-1-300x225.jpg 300w\" sizes=\"(max-width: 320px) 100vw, 320px\" \/><\/a><p id=\"caption-attachment-152\" class=\"wp-caption-text\">Die Redaktion von TU- und HTW-Studenten 2001<\/p><\/div>\n<div id=\"attachment_154\" style=\"width: 330px\" class=\"wp-caption aligncenter\"><a href=\"https:\/\/www.dr-thomas-hartung.de\/wp-content\/uploads\/2011\/03\/0351-3.jpg\"><img aria-describedby=\"caption-attachment-154\" decoding=\"async\" loading=\"lazy\" class=\"size-full wp-image-154\" title=\"0351 - 3\" src=\"https:\/\/www.dr-thomas-hartung.de\/wp-content\/uploads\/2011\/03\/0351-3.jpg\" alt=\"\" width=\"320\" height=\"240\" srcset=\"https:\/\/www.dr-thomas-hartung.de\/wp-content\/uploads\/2011\/03\/0351-3.jpg 320w, https:\/\/www.dr-thomas-hartung.de\/wp-content\/uploads\/2011\/03\/0351-3-300x225.jpg 300w\" sizes=\"(max-width: 320px) 100vw, 320px\" \/><\/a><p id=\"caption-attachment-154\" class=\"wp-caption-text\">Redaktionssitzung am Elbufer<\/p><\/div>\n<div id=\"attachment_153\" style=\"width: 330px\" class=\"wp-caption aligncenter\"><a href=\"https:\/\/www.dr-thomas-hartung.de\/wp-content\/uploads\/2011\/03\/0351-2.jpg\"><img aria-describedby=\"caption-attachment-153\" decoding=\"async\" loading=\"lazy\" class=\"size-full wp-image-153\" title=\"0351 - 2\" src=\"https:\/\/www.dr-thomas-hartung.de\/wp-content\/uploads\/2011\/03\/0351-2.jpg\" alt=\"\" width=\"320\" height=\"240\" srcset=\"https:\/\/www.dr-thomas-hartung.de\/wp-content\/uploads\/2011\/03\/0351-2.jpg 320w, https:\/\/www.dr-thomas-hartung.de\/wp-content\/uploads\/2011\/03\/0351-2-300x225.jpg 300w\" sizes=\"(max-width: 320px) 100vw, 320px\" \/><\/a><p id=\"caption-attachment-153\" class=\"wp-caption-text\">Aufzeichnung der Sendung im neuen Funkhaus von &quot;Dresden Fernsehen&quot;<\/p><\/div>\n<div id=\"attachment_578\" style=\"width: 330px\" class=\"wp-caption aligncenter\"><a href=\"https:\/\/www.dr-thomas-hartung.de\/wp-content\/uploads\/2011\/03\/Party.jpg\"><img aria-describedby=\"caption-attachment-578\" decoding=\"async\" loading=\"lazy\" class=\"size-full wp-image-578\" title=\"Party\" src=\"https:\/\/www.dr-thomas-hartung.de\/wp-content\/uploads\/2011\/03\/Party.jpg\" alt=\"\" width=\"320\" height=\"240\" srcset=\"https:\/\/www.dr-thomas-hartung.de\/wp-content\/uploads\/2011\/03\/Party.jpg 320w, https:\/\/www.dr-thomas-hartung.de\/wp-content\/uploads\/2011\/03\/Party-300x225.jpg 300w\" sizes=\"(max-width: 320px) 100vw, 320px\" \/><\/a><p id=\"caption-attachment-578\" class=\"wp-caption-text\">Jedes Jahr im Fr\u00fchsommer: \u00f6ffentliche Party zum Magazingeburtstag. Hier im Dresdner B\u00e4renzwinger, moderiert vor der Festtorte, die dann gleich angeschnitten wird<\/p><\/div>\n","protected":false},"excerpt":{"rendered":"<p>Magazine, Magazine&#8230; Wie viele Formate ich zwischen 1996 und 2001 produzierte, verblasst in der Erinnerung&#8230; Sicher auch, weil manche kaum mehr als ein, zwei Ausgaben erlebten; darunter das erste private Literaturmagazin &#8222;Literarischer Express&#8220; oder das Leipziger Studentenmagazin &#8222;034eins&#8220;. Mein erfolgreichstes und &#8211; nach der &#8222;Drehscheibe Dresden&#8220; &#8211; meistproduziertes TV-Produkt aber war &#8222;035eins&#8220; &#8211; das erste [&hellip;]<\/p>\n","protected":false},"author":1,"featured_media":0,"parent":18,"menu_order":60,"comment_status":"closed","ping_status":"closed","template":"","meta":[],"_links":{"self":[{"href":"https:\/\/www.dr-thomas-hartung.de\/index.php?rest_route=\/wp\/v2\/pages\/151"}],"collection":[{"href":"https:\/\/www.dr-thomas-hartung.de\/index.php?rest_route=\/wp\/v2\/pages"}],"about":[{"href":"https:\/\/www.dr-thomas-hartung.de\/index.php?rest_route=\/wp\/v2\/types\/page"}],"author":[{"embeddable":true,"href":"https:\/\/www.dr-thomas-hartung.de\/index.php?rest_route=\/wp\/v2\/users\/1"}],"replies":[{"embeddable":true,"href":"https:\/\/www.dr-thomas-hartung.de\/index.php?rest_route=%2Fwp%2Fv2%2Fcomments&post=151"}],"version-history":[{"count":14,"href":"https:\/\/www.dr-thomas-hartung.de\/index.php?rest_route=\/wp\/v2\/pages\/151\/revisions"}],"predecessor-version":[{"id":853,"href":"https:\/\/www.dr-thomas-hartung.de\/index.php?rest_route=\/wp\/v2\/pages\/151\/revisions\/853"}],"up":[{"embeddable":true,"href":"https:\/\/www.dr-thomas-hartung.de\/index.php?rest_route=\/wp\/v2\/pages\/18"}],"wp:attachment":[{"href":"https:\/\/www.dr-thomas-hartung.de\/index.php?rest_route=%2Fwp%2Fv2%2Fmedia&parent=151"}],"curies":[{"name":"wp","href":"https:\/\/api.w.org\/{rel}","templated":true}]}}