{"id":157,"date":"2011-03-11T16:32:18","date_gmt":"2011-03-11T15:32:18","guid":{"rendered":"http:\/\/www.dr-thomas-hartung.de\/?page_id=157"},"modified":"2011-08-11T14:04:42","modified_gmt":"2011-08-11T13:04:42","slug":"4-sprecherzeit","status":"publish","type":"page","link":"https:\/\/www.dr-thomas-hartung.de\/?page_id=157","title":{"rendered":"7. Public-Relations-Zeit"},"content":{"rendered":"<h2>Als Leiter Presse\/PR des Dresdner Messeveranstalters TMS<\/h2>\n<p style=\"text-align: center;\">\n<div id=\"attachment_306\" style=\"width: 330px\" class=\"wp-caption aligncenter\"><a href=\"https:\/\/www.dr-thomas-hartung.de\/wp-content\/uploads\/2011\/03\/TMS-3.jpg\"><img aria-describedby=\"caption-attachment-306\" decoding=\"async\" loading=\"lazy\" class=\"size-full wp-image-306\" title=\"TMS 3\" src=\"https:\/\/www.dr-thomas-hartung.de\/wp-content\/uploads\/2011\/03\/TMS-3.jpg\" alt=\"\" width=\"320\" height=\"231\" srcset=\"https:\/\/www.dr-thomas-hartung.de\/wp-content\/uploads\/2011\/03\/TMS-3.jpg 320w, https:\/\/www.dr-thomas-hartung.de\/wp-content\/uploads\/2011\/03\/TMS-3-300x216.jpg 300w\" sizes=\"(max-width: 320px) 100vw, 320px\" \/><\/a><p id=\"caption-attachment-306\" class=\"wp-caption-text\">Mit Sachsens Weinprinzessin zur Er\u00f6ffnung der &quot;Kulinaria &amp; Vinum&quot; 2008 (Foto: Andre Wirsig)<\/p><\/div>\n<div id=\"attachment_509\" style=\"width: 253px\" class=\"wp-caption aligncenter\"><a href=\"https:\/\/www.dr-thomas-hartung.de\/wp-content\/uploads\/2011\/03\/TMS-5.jpg\"><img aria-describedby=\"caption-attachment-509\" decoding=\"async\" loading=\"lazy\" class=\"size-full wp-image-509\" title=\"TMS 5\" src=\"https:\/\/www.dr-thomas-hartung.de\/wp-content\/uploads\/2011\/03\/TMS-5.jpg\" alt=\"\" width=\"243\" height=\"320\" srcset=\"https:\/\/www.dr-thomas-hartung.de\/wp-content\/uploads\/2011\/03\/TMS-5.jpg 243w, https:\/\/www.dr-thomas-hartung.de\/wp-content\/uploads\/2011\/03\/TMS-5-227x300.jpg 227w\" sizes=\"(max-width: 243px) 100vw, 243px\" \/><\/a><p id=\"caption-attachment-509\" class=\"wp-caption-text\">Mit Sachsens Fisch- und Waldk\u00f6nigin am Stand jener Hobbyfreaks, die das Chassis eines F1-Wagens w\u00e4hrend der &quot;Auto mobil&quot; 2008 komplett mit Streichh\u00f6lzern bekleben wollten. Der Guinness-Versuch schlug leider fehl. (Foto: Andre Wirsig)<\/p><\/div>\n<div id=\"attachment_510\" style=\"width: 330px\" class=\"wp-caption aligncenter\"><a href=\"https:\/\/www.dr-thomas-hartung.de\/wp-content\/uploads\/2011\/03\/TMS-4.jpg\"><img aria-describedby=\"caption-attachment-510\" decoding=\"async\" loading=\"lazy\" class=\"size-full wp-image-510\" title=\"TMS 4\" src=\"https:\/\/www.dr-thomas-hartung.de\/wp-content\/uploads\/2011\/03\/TMS-4.jpg\" alt=\"\" width=\"320\" height=\"243\" srcset=\"https:\/\/www.dr-thomas-hartung.de\/wp-content\/uploads\/2011\/03\/TMS-4.jpg 320w, https:\/\/www.dr-thomas-hartung.de\/wp-content\/uploads\/2011\/03\/TMS-4-300x227.jpg 300w\" sizes=\"(max-width: 320px) 100vw, 320px\" \/><\/a><p id=\"caption-attachment-510\" class=\"wp-caption-text\">Historischer Moment auf der &quot;Auto mobil&quot; 2008: eben hat Messe-Schirmherr Bernd Rosemeyer eine Klemm KL 25 auf den Namen seiner Mutter Elli Beinhorn getauft, die damit in 1931 als erste Frau von Europa nach Afrika flog. (Foto: Andre Wirsig)<\/p><\/div>\n<div id=\"attachment_159\" style=\"width: 330px\" class=\"wp-caption aligncenter\"><a href=\"https:\/\/www.dr-thomas-hartung.de\/wp-content\/uploads\/2011\/03\/TMS-1.jpg\"><img aria-describedby=\"caption-attachment-159\" decoding=\"async\" loading=\"lazy\" class=\"size-full wp-image-159\" title=\"TMS 1\" src=\"https:\/\/www.dr-thomas-hartung.de\/wp-content\/uploads\/2011\/03\/TMS-1.jpg\" alt=\"\" width=\"320\" height=\"240\" srcset=\"https:\/\/www.dr-thomas-hartung.de\/wp-content\/uploads\/2011\/03\/TMS-1.jpg 320w, https:\/\/www.dr-thomas-hartung.de\/wp-content\/uploads\/2011\/03\/TMS-1-300x225.jpg 300w\" sizes=\"(max-width: 320px) 100vw, 320px\" \/><\/a><p id=\"caption-attachment-159\" class=\"wp-caption-text\">Er\u00f6ffnungs-Pressekonferenz zur &quot;Jagen-Fischen-Reiten \/ Forst &amp; Holz&quot; 2008 (Foto: TMS)<\/p><\/div>\n<div id=\"attachment_160\" style=\"width: 250px\" class=\"wp-caption aligncenter\"><a href=\"https:\/\/www.dr-thomas-hartung.de\/wp-content\/uploads\/2011\/03\/TMS-2.jpg\"><img aria-describedby=\"caption-attachment-160\" decoding=\"async\" loading=\"lazy\" class=\"size-full wp-image-160\" title=\"TMS 2\" src=\"https:\/\/www.dr-thomas-hartung.de\/wp-content\/uploads\/2011\/03\/TMS-2.jpg\" alt=\"\" width=\"240\" height=\"320\" srcset=\"https:\/\/www.dr-thomas-hartung.de\/wp-content\/uploads\/2011\/03\/TMS-2.jpg 240w, https:\/\/www.dr-thomas-hartung.de\/wp-content\/uploads\/2011\/03\/TMS-2-225x300.jpg 225w\" sizes=\"(max-width: 240px) 100vw, 240px\" \/><\/a><p id=\"caption-attachment-160\" class=\"wp-caption-text\">Social Sponsoring: Spielzeugspende f\u00fcr eine Radebeuler KiTa (Foto: S\u00e4chsische Zeitung)<\/p><\/div>\n","protected":false},"excerpt":{"rendered":"<p>Als Leiter Presse\/PR des Dresdner Messeveranstalters TMS<\/p>\n","protected":false},"author":1,"featured_media":0,"parent":18,"menu_order":70,"comment_status":"closed","ping_status":"closed","template":"","meta":[],"_links":{"self":[{"href":"https:\/\/www.dr-thomas-hartung.de\/index.php?rest_route=\/wp\/v2\/pages\/157"}],"collection":[{"href":"https:\/\/www.dr-thomas-hartung.de\/index.php?rest_route=\/wp\/v2\/pages"}],"about":[{"href":"https:\/\/www.dr-thomas-hartung.de\/index.php?rest_route=\/wp\/v2\/types\/page"}],"author":[{"embeddable":true,"href":"https:\/\/www.dr-thomas-hartung.de\/index.php?rest_route=\/wp\/v2\/users\/1"}],"replies":[{"embeddable":true,"href":"https:\/\/www.dr-thomas-hartung.de\/index.php?rest_route=%2Fwp%2Fv2%2Fcomments&post=157"}],"version-history":[{"count":18,"href":"https:\/\/www.dr-thomas-hartung.de\/index.php?rest_route=\/wp\/v2\/pages\/157\/revisions"}],"predecessor-version":[{"id":1217,"href":"https:\/\/www.dr-thomas-hartung.de\/index.php?rest_route=\/wp\/v2\/pages\/157\/revisions\/1217"}],"up":[{"embeddable":true,"href":"https:\/\/www.dr-thomas-hartung.de\/index.php?rest_route=\/wp\/v2\/pages\/18"}],"wp:attachment":[{"href":"https:\/\/www.dr-thomas-hartung.de\/index.php?rest_route=%2Fwp%2Fv2%2Fmedia&parent=157"}],"curies":[{"name":"wp","href":"https:\/\/api.w.org\/{rel}","templated":true}]}}

<h2>Als Leiter Presse/PR des Dresdner Messeveranstalters TMS</h2>
<p style="text-align: center;">
<div id="attachment_306" style="width: 330px" class="wp-caption aligncenter"><a href="https://www.dr-thomas-hartung.de/wp-content/uploads/2011/03/TMS-3.jpg"><img aria-describedby="caption-attachment-306" decoding="async" loading="lazy" class="size-full wp-image-306" title="TMS 3" src="https://www.dr-thomas-hartung.de/wp-content/uploads/2011/03/TMS-3.jpg" alt="" width="320" height="231" srcset="https://www.dr-thomas-hartung.de/wp-content/uploads/2011/03/TMS-3.jpg 320w, https://www.dr-thomas-hartung.de/wp-content/uploads/2011/03/TMS-3-300x216.jpg 300w" sizes="(max-width: 320px) 100vw, 320px" /></a><p id="caption-attachment-306" class="wp-caption-text">Mit Sachsens Weinprinzessin zur Eröffnung der &quot;Kulinaria &amp; Vinum&quot; 2008 (Foto: Andre Wirsig)</p></div>
<div id="attachment_509" style="width: 253px" class="wp-caption aligncenter"><a href="https://www.dr-thomas-hartung.de/wp-content/uploads/2011/03/TMS-5.jpg"><img aria-describedby="caption-attachment-509" decoding="async" loading="lazy" class="size-full wp-image-509" title="TMS 5" src="https://www.dr-thomas-hartung.de/wp-content/uploads/2011/03/TMS-5.jpg" alt="" width="243" height="320" srcset="https://www.dr-thomas-hartung.de/wp-content/uploads/2011/03/TMS-5.jpg 243w, https://www.dr-thomas-hartung.de/wp-content/uploads/2011/03/TMS-5-227x300.jpg 227w" sizes="(max-width: 243px) 100vw, 243px" /></a><p id="caption-attachment-509" class="wp-caption-text">Mit Sachsens Fisch- und Waldkönigin am Stand jener Hobbyfreaks, die das Chassis eines F1-Wagens während der &quot;Auto mobil&quot; 2008 komplett mit Streichhölzern bekleben wollten. Der Guinness-Versuch schlug leider fehl. (Foto: Andre Wirsig)</p></div>
<div id="attachment_510" style="width: 330px" class="wp-caption aligncenter"><a href="https://www.dr-thomas-hartung.de/wp-content/uploads/2011/03/TMS-4.jpg"><img aria-describedby="caption-attachment-510" decoding="async" loading="lazy" class="size-full wp-image-510" title="TMS 4" src="https://www.dr-thomas-hartung.de/wp-content/uploads/2011/03/TMS-4.jpg" alt="" width="320" height="243" srcset="https://www.dr-thomas-hartung.de/wp-content/uploads/2011/03/TMS-4.jpg 320w, https://www.dr-thomas-hartung.de/wp-content/uploads/2011/03/TMS-4-300x227.jpg 300w" sizes="(max-width: 320px) 100vw, 320px" /></a><p id="caption-attachment-510" class="wp-caption-text">Historischer Moment auf der &quot;Auto mobil&quot; 2008: eben hat Messe-Schirmherr Bernd Rosemeyer eine Klemm KL 25 auf den Namen seiner Mutter Elli Beinhorn getauft, die damit in 1931 als erste Frau von Europa nach Afrika flog. (Foto: Andre Wirsig)</p></div>
<div id="attachment_159" style="width: 330px" class="wp-caption aligncenter"><a href="https://www.dr-thomas-hartung.de/wp-content/uploads/2011/03/TMS-1.jpg"><img aria-describedby="caption-attachment-159" decoding="async" loading="lazy" class="size-full wp-image-159" title="TMS 1" src="https://www.dr-thomas-hartung.de/wp-content/uploads/2011/03/TMS-1.jpg" alt="" width="320" height="240" srcset="https://www.dr-thomas-hartung.de/wp-content/uploads/2011/03/TMS-1.jpg 320w, https://www.dr-thomas-hartung.de/wp-content/uploads/2011/03/TMS-1-300x225.jpg 300w" sizes="(max-width: 320px) 100vw, 320px" /></a><p id="caption-attachment-159" class="wp-caption-text">Eröffnungs-Pressekonferenz zur &quot;Jagen-Fischen-Reiten / Forst &amp; Holz&quot; 2008 (Foto: TMS)</p></div>
<div id="attachment_160" style="width: 250px" class="wp-caption aligncenter"><a href="https://www.dr-thomas-hartung.de/wp-content/uploads/2011/03/TMS-2.jpg"><img aria-describedby="caption-attachment-160" decoding="async" loading="lazy" class="size-full wp-image-160" title="TMS 2" src="https://www.dr-thomas-hartung.de/wp-content/uploads/2011/03/TMS-2.jpg" alt="" width="240" height="320" srcset="https://www.dr-thomas-hartung.de/wp-content/uploads/2011/03/TMS-2.jpg 240w, https://www.dr-thomas-hartung.de/wp-content/uploads/2011/03/TMS-2-225x300.jpg 225w" sizes="(max-width: 240px) 100vw, 240px" /></a><p id="caption-attachment-160" class="wp-caption-text">Social Sponsoring: Spielzeugspende für eine Radebeuler KiTa (Foto: Sächsische Zeitung)</p></div>
