{"id":95,"date":"2011-03-11T12:37:00","date_gmt":"2011-03-11T12:37:00","guid":{"rendered":"http:\/\/www.dr-thomas-hartung.de\/?page_id=95"},"modified":"2018-08-04T12:48:59","modified_gmt":"2018-08-04T11:48:59","slug":"2-schul-und-ausbildung","status":"publish","type":"page","link":"https:\/\/www.dr-thomas-hartung.de\/?page_id=95","title":{"rendered":"1. Schul- und Ausbildung"},"content":{"rendered":"<p><strong>01. August 1988 &#8211; 31. Dezember 1991 <\/strong><\/p>\n<h3>Promotionsstudent an der P\u00e4dagogischen Hochschule PH &#8222;Erich Weinert&#8220; Magdeburg<\/h3>\n<ul>\n<li>Forschungsstudium  am Institut f\u00fcr Germanistik, FB  Literaturwissenschaft, im Fachgebiet  \u201eDeutsche Literatur des 20.  Jahrhunderts\u201c als Qualifikationsstipendiat<\/li>\n<li>Verteidigung zum &#8222;Dr. phil&#8220; am 07. Oktober 1992 &#8222;cum laude&#8220;<br \/>\n<h4><span style=\"color: #ff9900;\"><strong>Praktika<\/strong><\/span><\/h4>\n<\/li>\n<li>Lektoratspraktikum beim \u201e<a href=\"http:\/\/www.eulenspiegel-verlag.de\/\" target=\"_blank\">Verlag Neues Leben<\/a>\u201c Berlin<\/li>\n<li>Bibliothekspraktikum an der \u201e<a href=\"http:\/\/www.phantastik.eu\/\" target=\"_blank\">Phantastischen Bibliothek<\/a>\u201c Wetzlar<\/li>\n<\/ul>\n<h4 style=\"padding-left: 30px;\"><span style=\"color: #ff9900;\"><strong>Nebent\u00e4tigkeiten<\/strong><\/span><\/h4>\n<ul>\n<li>Freelancer \u201e<a href=\"http:\/\/www.volksstimme.de\/\" target=\"_blank\">Volksstimme<\/a>\u201c Magdeburg und \u201e<a href=\"http:\/\/www.mdr.de\/mdr1-radio-sachsen-anhalt\/\" target=\"_blank\">MDR 1<\/a>\u201c Magdeburg \/ &#8222;<a href=\"http:\/\/www.mdr.de\/mdr-figaro\/\" target=\"_blank\">MDR Kultur<\/a>&#8220; Leipzig<\/li>\n<li>PR f\u00fcr den &#8222;<a href=\"http:\/\/home.arcor.de\/singkreis-md\/\" target=\"_blank\">Singkreis Magdeburg<\/a>&#8220; e.V.<\/li>\n<li>Literaturreferent bei\n<ul>\n<li>\u201eURANIA \u2013 Gesellschaft zur Verbreitung wissenschaftlicher Erkenntnisse\u201c<\/li>\n<li>\u201ePhantastische Bibliothek\u201c Wetzlar<\/li>\n<\/ul>\n<\/li>\n<\/ul>\n<p><strong>04. Oktober 1983 &#8211; 31. Juli 1988<\/strong><\/p>\n<h3>Direktstudent an der PH &#8222;Erich Weinert&#8220; Magdeburg<\/h3>\n<ul>\n<li>Studium der Germanistik und Geschichte im Lehramt<\/li>\n<li> Diplom mit dem Pr\u00e4dikat \u201eAusgezeichnet\u201c am Institut f\u00fcr Germanistik   mit einer Arbeit zur Phantastischen Unterhaltungsliteratur der DDR<\/li>\n<\/ul>\n<h4 style=\"padding-left: 30px;\"><span style=\"color: #ff9900;\"><strong>Praktika<\/strong><\/span><\/h4>\n<ul>\n<li><strong>Fachmethodik<\/strong> an der POS \u201cHeinrich Reichel\u201c Magdeburg als Fachlehrer\n<ul>\n<li>Unterricht in den F\u00e4chern Deutsch \/ Geschichte in den Klassen 5, 7, 9, 10<\/li>\n<\/ul>\n<\/li>\n<li><strong>Kulturmethodik <\/strong>an der<a href=\"http:\/\/www.univer.kharkov.ua\/\" target=\"_blank\"> P\u00e4dagogischen Hochschule Charkow<\/a> \/ Russland<\/li>\n<li><strong>Theatermethodik<\/strong> bei Wolf Bunge an den <a href=\"http:\/\/www.theater-magdeburg.de\/\" target=\"_blank\">Freien Kammerspielen<\/a> Magdeburg<\/li>\n<li><strong>Didaktik <\/strong>der Quellenarbeit im Archiv der <a href=\"http:\/\/www.univ.gda.pl\/\" target=\"_blank\">Universit\u00e4t Gdansk <\/a>\/ Polen<\/li>\n<\/ul>\n<p><strong>03.Oktober 1980 &#8211; 03. Oktober 1983 <\/strong><\/p>\n<h3><a href=\"http:\/\/de.wikipedia.org\/wiki\/Nationale_Volksarmee\" target=\"_blank\">Wehrdienst<\/a><\/h3>\n<p><strong>01. August 1980 &#8211; 30. September 1980 <\/strong><\/p>\n<h3>Lagerist (ungelernte Hilfskraft) <a href=\"http:\/\/www.robotrontechnik.de\/index.htm?\/html\/standorte\/mme.htm\" target=\"_blank\">VEB Mikroelektronik Erfurt<\/a><\/h3>\n<p><strong> S<\/strong><strong>eptember 1976 &#8211; Juli 1980<\/strong><\/p>\n<h3>Besuch der <a href=\"http:\/\/de.wikipedia.org\/wiki\/Humboldt-Schule_%28Erfurt%29\" target=\"_blank\">Humboldt-Oberschule Erfurt<\/a><\/h3>\n<p>Abitur \u00d8 2,1<\/p>\n<p><strong>S<\/strong><strong>eptember 1968 &#8211; August 1976<\/strong><\/p>\n<h3>Besuch der 14. POS &#8222;<a href=\"http:\/\/de.wikipedia.org\/wiki\/Fidel_Castro\" target=\"_blank\">Fidel Castro<\/a>&#8220; Erfurt-<a href=\"http:\/\/www.thueringen.info\/erfurt-petersberg.html\" target=\"_blank\">Petersberg<\/a><\/h3>\n<p>In dem <a href=\"https:\/\/www.dr-thomas-hartung.de\/wp-content\/uploads\/2011\/03\/POS.jpg\">Geb\u00e4ude<\/a> befindet sich heute die Th\u00fcringer Au\u00dfenstelle des Bundesbeauftragten f\u00fcr die Unterlagen des Staatssicherheitsdienstes der ehemaligen Deutschen Demokratischen Republik (BStU)<\/p>\n<p><strong>18. M\u00e4rz 1962, 2.30 Uhr<br \/>\n<\/strong><\/p>\n<h3>Geburt als &#8222;Sonntagskind&#8220;<\/h3>\n<h5>Abendl\u00e4ndisches Sternzeichen: <a href=\"http:\/\/www.astroschmid.ch\/tierkreis\/fische1.php\" target=\"_blank\">Fische<\/a><\/h5>\n<h5>Chinesisches Sternzeichen: <a href=\"http:\/\/www.zeichenderstars.com\/china\/Tiger.php\" target=\"_blank\"><strong>Tiger<\/strong><\/a><\/h5>\n<h5>Indianisches Sternzeichen: <a href=\"http:\/\/www.spiritproject.de\/horoskop\/indian\/wolf.htm\" target=\"_blank\"><strong>Wolf<\/strong><\/a><\/h5>\n","protected":false},"excerpt":{"rendered":"<p>01. August 1988 &#8211; 31. Dezember 1991 Promotionsstudent an der P\u00e4dagogischen Hochschule PH &#8222;Erich Weinert&#8220; Magdeburg Forschungsstudium am Institut f\u00fcr Germanistik, FB Literaturwissenschaft, im Fachgebiet \u201eDeutsche Literatur des 20. Jahrhunderts\u201c als Qualifikationsstipendiat Verteidigung zum &#8222;Dr. phil&#8220; am 07. Oktober 1992 &#8222;cum laude&#8220; Praktika Lektoratspraktikum beim \u201eVerlag Neues Leben\u201c Berlin Bibliothekspraktikum an der \u201ePhantastischen Bibliothek\u201c Wetzlar [&hellip;]<\/p>\n","protected":false},"author":1,"featured_media":0,"parent":14,"menu_order":0,"comment_status":"closed","ping_status":"closed","template":"","meta":[],"_links":{"self":[{"href":"https:\/\/www.dr-thomas-hartung.de\/index.php?rest_route=\/wp\/v2\/pages\/95"}],"collection":[{"href":"https:\/\/www.dr-thomas-hartung.de\/index.php?rest_route=\/wp\/v2\/pages"}],"about":[{"href":"https:\/\/www.dr-thomas-hartung.de\/index.php?rest_route=\/wp\/v2\/types\/page"}],"author":[{"embeddable":true,"href":"https:\/\/www.dr-thomas-hartung.de\/index.php?rest_route=\/wp\/v2\/users\/1"}],"replies":[{"embeddable":true,"href":"https:\/\/www.dr-thomas-hartung.de\/index.php?rest_route=%2Fwp%2Fv2%2Fcomments&post=95"}],"version-history":[{"count":17,"href":"https:\/\/www.dr-thomas-hartung.de\/index.php?rest_route=\/wp\/v2\/pages\/95\/revisions"}],"predecessor-version":[{"id":217,"href":"https:\/\/www.dr-thomas-hartung.de\/index.php?rest_route=\/wp\/v2\/pages\/95\/revisions\/217"}],"up":[{"embeddable":true,"href":"https:\/\/www.dr-thomas-hartung.de\/index.php?rest_route=\/wp\/v2\/pages\/14"}],"wp:attachment":[{"href":"https:\/\/www.dr-thomas-hartung.de\/index.php?rest_route=%2Fwp%2Fv2%2Fmedia&parent=95"}],"curies":[{"name":"wp","href":"https:\/\/api.w.org\/{rel}","templated":true}]}}